{"id":119,"date":"2015-11-12T13:01:55","date_gmt":"2015-11-12T12:01:55","guid":{"rendered":"http:\/\/www.ggvvsot.se\/?page_id=119"},"modified":"2021-11-17T14:22:27","modified_gmt":"2021-11-17T13:22:27","slug":"kontakt","status":"publish","type":"page","link":"http:\/\/www.ggvvsot.se\/?page_id=119","title":{"rendered":"Kontakt"},"content":{"rendered":"<p>[et_pb_section fb_built=&#8221;1&#8243; _builder_version=&#8221;4.5.3&#8243; _module_preset=&#8221;default&#8221;][et_pb_row _builder_version=&#8221;4.5.3&#8243; _module_preset=&#8221;default&#8221;][et_pb_column _builder_version=&#8221;4.5.3&#8243; _module_preset=&#8221;default&#8221; type=&#8221;4_4&#8243;][et_pb_divider _builder_version=&#8221;4.5.3&#8243; _module_preset=&#8221;default&#8221; show_divider=&#8221;off&#8221; hover_enabled=&#8221;0&#8243;][\/et_pb_divider][et_pb_text _builder_version=&#8221;4.5.3&#8243; _module_preset=&#8221;default&#8221; hover_enabled=&#8221;0&#8243; text_font=&#8221;Montserrat||||||||&#8221; text_font_size_last_edited=&#8221;on|phone&#8221; text_font_size_phone=&#8221;16px&#8221; text_line_height=&#8221;2em&#8221; text_orientation=&#8221;center&#8221; text_font_last_edited=&#8221;on|desktop&#8221; text_font_size=&#8221;22px&#8221; text_font_size_tablet=&#8221;19px&#8221;]<\/p>\n<h1 style=\"text-align: center;\">Vi vill g\u00e4rna st\u00e5 till tj\u00e4nst!<\/h1>\n<p>&nbsp;<\/p>\n<p style=\"text-align: center;\">Vill du prata med oss, ring oss p\u00e5 telefonnummer: 0371-131 80<br \/> Eller maila oss till: info@ggvvsot.se<\/p>\n<p>[\/et_pb_text][et_pb_divider _builder_version=&#8221;4.5.3&#8243; _module_preset=&#8221;default&#8221; show_divider=&#8221;off&#8221; hover_enabled=&#8221;0&#8243;][\/et_pb_divider][et_pb_image src=&#8221;http:\/\/www.ggvvsot.se\/wp-content\/uploads\/2021\/11\/skorsten1.png&#8221; _builder_version=&#8221;4.5.3&#8243; _module_preset=&#8221;default&#8221; title_text=&#8221;skorsten1&#8243; hover_enabled=&#8221;0&#8243; align=&#8221;center&#8221; width=&#8221;50%&#8221; max_width=&#8221;50%&#8221; width_last_edited=&#8221;on|phone&#8221; width_phone=&#8221;100%&#8221; position_origin_a=&#8221;bottom_center&#8221;][\/et_pb_image][\/et_pb_column][\/et_pb_row][\/et_pb_section]<\/p>\n","protected":false},"excerpt":{"rendered":"<p>Vi vill g\u00e4rna st\u00e5 till tj\u00e4nst! &nbsp; Vill du prata med oss, ring oss p\u00e5 telefonnummer: 0371-131 80 Eller maila oss till: info@ggvvsot.se<\/p>\n","protected":false},"author":5,"featured_media":0,"parent":0,"menu_order":0,"comment_status":"closed","ping_status":"open","template":"","meta":{"_et_pb_use_builder":"on","_et_pb_old_content":"<p>Vet du vem du s\u00f6ker?<\/p>","_et_gb_content_width":"","om_disable_all_campaigns":false,"footnotes":""},"class_list":["post-119","page","type-page","status-publish","hentry"],"_links":{"self":[{"href":"http:\/\/www.ggvvsot.se\/index.php?rest_route=\/wp\/v2\/pages\/119","targetHints":{"allow":["GET"]}}],"collection":[{"href":"http:\/\/www.ggvvsot.se\/index.php?rest_route=\/wp\/v2\/pages"}],"about":[{"href":"http:\/\/www.ggvvsot.se\/index.php?rest_route=\/wp\/v2\/types\/page"}],"author":[{"embeddable":true,"href":"http:\/\/www.ggvvsot.se\/index.php?rest_route=\/wp\/v2\/users\/5"}],"replies":[{"embeddable":true,"href":"http:\/\/www.ggvvsot.se\/index.php?rest_route=%2Fwp%2Fv2%2Fcomments&post=119"}],"version-history":[{"count":14,"href":"http:\/\/www.ggvvsot.se\/index.php?rest_route=\/wp\/v2\/pages\/119\/revisions"}],"predecessor-version":[{"id":30416,"href":"http:\/\/www.ggvvsot.se\/index.php?rest_route=\/wp\/v2\/pages\/119\/revisions\/30416"}],"wp:attachment":[{"href":"http:\/\/www.ggvvsot.se\/index.php?rest_route=%2Fwp%2Fv2%2Fmedia&parent=119"}],"curies":[{"name":"wp","href":"https:\/\/api.w.org\/{rel}","templated":true}]}}